2*q + 3 - 15. Let c be (-1)/3 + q/(-18). Let b(h) = h**2 + 4*h + 737. Is b(c) a prime number?
False
Is (-16182)/(-4) - ((-1161)/(-54))/43 a prime number?
False
Let j(x) = -12438*x - 27. Let g be j(-3). Suppose -13*y - 9220 = -g. Is y composite?
True
Let o = 73566 - -42865. Is o composite?
True
Is (-52232414)/(-104) + (-406)/392 + (-4)/(-14) a composite number?
True
Let v(x) = 3*x - 7. Let s be v(3). Suppose s*b = -b + 1581. Suppose -k + 646 = -3*r, -4*r = -2*k + b + 755. Is k a composite number?
False
Let i = 115205 + -9982. Is i composite?
True
Suppose -6 = -r - 18. Let v(h) = 3*h**2 + 9*h - 16. Let s be v(r). Suppose 0 = 4*o, -5*o - s - 662 = -5*l. Is l a prime number?
False
Let t(k) = k**3 + 12*k**2 - 13*k + 2. Let x be t(-13). Let y be 109 + 1*(0 + x). Let o = -32 + y. Is o a prime number?
True
Let g(c) = 9*c - 17 - 44 + 32 + 187*c**2. Is g(4) a prime number?
True
Suppose 23*g - 4188338 = 1768685. Is g a prime number?
True
Let t be -2 - (1110 - -5*(-9)/15). Is 2 - t - (5/1 - 3) a prime number?
True
Let x be 4/((-32)/90) + 51/(-68). Is (x/8)/(30/(-23300)) a prime number?
False
Is 184960 + -5 + (-13 - -7) prime?
True
Let g(z) = -1186*z**3 - 18*z**2 + 21*z + 11. Is g(-9) a prime number?
False
Let s(o) = 5613*o + 173. Let y be s(-12). Let f = -47030 - y. Is f a prime number?
False
Suppose 61183 + 34699 = 4*c + 7294. Is c a composite number?
False
Let x = -15590 + 650. Let a = -8026 - x. Is a a composite number?
True
Let l(o) = o**3 - 2*o**2 + 4*o + 9. Let y(s) = -7*s - 4. Let t = -18 - -16. Let x be y(t). Is l(x) prime?
False
Let u be 0 - 3*(-5 + 4). Let n(k) = k**2 + 2*k - 5. Let m be n(u). Suppose 2*i - 374 = -2*d, -5*d + m = -0. Is i composite?
True
Let o(t) = 277*t**3 + 48*t**2 - 262*t + 5. Is o(6) composite?
True
Suppose -41*i - 44*i = -49*i - 27691452. Is i a composite number?
False
Suppose 4*b + 2*d + 27157 = b, 0 = b - 5*d + 9041. Let z = -5212 - b. Suppose 0 = 4*q + f - z, 2*q - 4*q - 4*f = -1930. Is q prime?
False
Suppose 2*n = -2*z + 589884, z + 10*z - 294892 = -n. Is n a composite number?
False
Is (360/(-48) - -9)/(1742355/(-580786) - -3) a prime number?
True
Let u(m) = -853*m**3 - 27*m**2 - 204*m - 59. Is u(-6) a prime number?
True
Suppose -13*y + 1179129 = -430310. Is y a prime number?
True
Is (-122)/1098 + (-3601820)/(-18) a prime number?
False
Suppose 18 = 3*l - 0. Suppose 8*g - l*g = 2648. Is g/(-2)*(-3 - 20/(-8)) composite?
False
Suppose -1179 - 11271 = -6*m. Suppose -3*b + 3*i = 5*i - m, -5*b - 5*i + 3460 = 0. Is b prime?
True
Let q(r) = 4*r**2 - r + 21. Let u(z) = -5*z**2 - 22. Let i(x) = -6*q(x) - 5*u(x). Let g be i(-6). Let d(c) = -c**2 - 17*c - 9. Is d(g) prime?
True
Let h be (-2 - -4)/(-1 + (-5248)/(-5240)). Suppose -y = 4*y - 610. Suppose -c + y + 146 = g, -5*g + c + h = 0. Is g a composite number?
False
Let u(g) = g**2 + 1. Let p(j) = -60*j**2 + 7*j + 20. Let o(x) = -p(x) + 5*u(x). Is o(-8) a prime number?
True
Suppose 16 = -4*u, 0*q - 3*q + 301521 = 3*u. Is q composite?
False
Suppose 0 = p - 4, j = -3*p + 6014 + 4106. Suppose 5*n - j = -3*o - 1716, n = 5. Is o a composite number?
False
Suppose 4*z = 145 + 243. Suppose 3*m - t = 534, -z + 987 = 5*m - t. Is m prime?
False
Let p(f) = f - 18. Let h be p(6). Is 38450/3 + (-112)/h + -9 composite?
True
Let o(s) = -5*s - 11*s + 9 - 11*s. Let t be o(-3). Suppose t = 4*u - 418. Is u a composite number?
False
Suppose -27*q - 3 = -26*q - 4*v, 0 = -4*q + 4*v + 24. Suppose 3 = 3*b, 6*g = q*g - 4*b - 16667. Is g a prime number?
True
Is ((-11161076)/(-1959))/((-8)/(-1038)) a prime number?
False
Suppose -4*n + 14846 = 16*h - 14*h, -2*h - 7426 = -2*n. Let y = -2643 + n. Is y composite?
False
Suppose 3*x - 16*q + 13*q - 75555 = 0, -4*q + 50358 = 2*x. Is x a composite number?
False
Let v = 27 + -25. Suppose 5*c = 0, -3*c - 34258 = -v*d - 0*c. Is d prime?
False
Suppose 2*w - 110 = -0*s - 2*s, -w - 5*s = -47. Suppose -2*d = -3*a - 31, 3*a = 4*d + 2*a - w. Suppose 9*u + 715 = d*u. Is u a prime number?
False
Suppose 773 = 5*a - 752. Is 32858/20 - (6 + a/(-50)) a prime number?
False
Let b = -1043815 + 2104382. Is b prime?
True
Suppose 9904*n = 9907*n - 210309. Is n a prime number?
False
Let f(a) = 11844*a**2 - 44*a - 9. Is f(2) a prime number?
True
Let c = -6643 - -2602. Let u = 710 - c. Is u composite?
False
Suppose 5*j - 13*j = -71392. Suppose 6*a - j = -2990. Is (-7)/((-7)/(-2)) + a + -2 prime?
False
Suppose -4*b - 4*m = 4, 2*b = 7*b - 2*m - 23. Suppose -4*y - b*d + 6 = 0, 4 = -y - 4*d + 6*d. Suppose -12*w + 0*w + 780 = y. Is w composite?
True
Let z be 100/30*((-10)/(-4) - 1). Suppose i = -2*n + 10, 4*n = -n - 2*i + 23. Suppose -n*f + d = -z*f + 1473, 5*d - 2192 = -3*f. Is f composite?
False
Suppose 2*b - 79 = -n, 2*b - 106 + 25 = -3*n. Let s = 47 - b. Suppose -s*r = 1599 - 4247. Is r prime?
True
Let b(u) = -317344*u - 4819. Is b(-7) a prime number?
False
Let o(u) = -u**3 + 12*u**2 + 15*u - 22. Let b be o(13). Suppose -324 = 4*a + 2*s, 4*s - 234 = b*a + 114. Let t = 296 - a. Is t a prime number?
True
Let b(k) = k**2 - 9*k. Let y(g) = -3*g**2 + 27*g. Let w(d) = 7*b(d) + 2*y(d). Let r be w(7). Let n(l) = -145*l + 23. Is n(r) prime?
True
Let m(h) = h**2 - 2*h - 7. Let u be m(-3). Suppose u*n = 9*n - 3787. Is n prime?
False
Let c(v) = 28030*v - 8421. Is c(20) a composite number?
False
Let u be 6/(9/(-111)*(-2)/(-6)). Let r = u - -793. Is r prime?
True
Let f be (52/(-39))/(2 - 82/42). Is (14/f + (-3)/(-1))*3946 a prime number?
False
Let a(k) = 38768*k**2 + 58*k + 57. Is a(-1) prime?
True
Let i be (2 - 21/6)/(48/64). Is (-2014061)/(-1177) - i/(-11) prime?
False
Let a be (-38)/(-133) - ((-33232)/14 - 0). Suppose -32*v + 3738 = -a. Is v a prime number?
True
Let y(g) = 364*g**2 + 5*g + 11. Let h(d) = 365*d**2 + 4*d + 9. Let m(w) = 5*h(w) - 4*y(w). Is m(-2) a composite number?
True
Suppose -11301598 = -113*y + 1540513. Is y a prime number?
True
Let h = -13 - -7. Let d(a) = 2*a + 19*a**2 - 198 + 401 - 196. Is d(h) a prime number?
False
Suppose 4454289 = 39*m - 2249871 - 3549681. Is m composite?
True
Is 15416390/45 - (-11)/(990/(-40)) a prime number?
False
Is ((-10)/4)/((-855)/19018278) a prime number?
True
Suppose 5*j - l = 140, 2*j + 2*j + l - 103 = 0. Suppose -r + m + j = -183, -4*r + 876 = 5*m. Suppose 212 + r = 2*y. Is y a prime number?
False
Suppose 7021 + 3457 = 2*i - 4*v, 0 = -4*i - 2*v + 20896. Is i prime?
True
Let i(a) = -15838*a - 805. Is i(-6) prime?
False
Suppose 0 = -4*s + 3*j + 1287, s - j - 317 = -5*j. Suppose m - 3*k = -s, -464 = m - 5*k - 141. Let y = m + 929. Is y a composite number?
True
Suppose -2*w + 108266 = -99*d + 101*d, w + 216532 = 4*d. Is d composite?
False
Suppose 0 = -a + 3*n - 8, -2*a + 5 = n - 0. Is (-39552)/(-40) - a/(-5) a prime number?
False
Let n = -77314 - -144867. Is n a composite number?
True
Suppose 2694*t - 596193 = 2704*t - 3581303. Is t a prime number?
False
Let o = -138 + 144. Let v be (3/o*0)/(-2 - -4). Suppose v = 7*x - 10*x + 2067. Is x a composite number?
True
Is (-388072)/(-3) - (-891)/243 composite?
False
Suppose 3*p - 49406 = -3*j + 8*j, -j + 65890 = 4*p. Let r be 7/(28/p) + 1. Suppose 2*q + 425 - r = 0. Is q a prime number?
True
Let g = 1498 - 1496. Let y(u) = -4 + 6 + 77*u**2 + 3 - 3*u. Is y(g) a prime number?
True
Let f be (0/1)/3 - -4*1. Suppose 2*h = -5*d + 25, -f*d - 49 = -5*h - 3*d. Let t(a) = a**3 - 5*a**2 + 20*a + 7. Is t(h) a composite number?
True
Let t = -40 - -39. Is (-11)/(-7) + t + (-6303)/(-7) a prime number?
False
Let w(q) be the second derivative of 16*q**3/3 + 7*q**2/2 - 7*q. Let r(c) = 32*c + 7. Let y(z) = 5*r(z) - 4*w(z). Is y(6) composite?
False
Let k(x) = 1880*x + 937. Is k(62) composite?
False
Suppose -2*w - 9948 + 38895 = w. Is w a composite number?
False
Let v(o) = 41*o + 15. Let q(l) = -5*l - 2. Let n(d) = 51*q(d) + 6*v(d). Let j be n(-19). Let m = j + -32. Is m composite?
False
Suppose 5*b + 10 = 5*v, 0 = -15*b + 11*b - 16. Is (-538027)/28*v - 4/(-8) prime?
True
Suppose 0 = 252*f - 213*f - 6799996 + 187429. Is f a prime number?
True
Let b be (1/(-5))/((-6)/30). Let r(u) = 2996*u**3 - u**2 + 8*u - 8. Is r(b) prime?
False
Let u(b) = -90*b**3 + 23*b**2 + 16*b - 38. Is u(-9) composite?
True
Is -1 - 18/(-12) - (81367/(-2) + 3) a composite number?
True
Let h = -85628 + 161499. Is h composite?
True
Let m(t) be the second der